{"id":68,"date":"2020-11-03T16:19:24","date_gmt":"2020-11-03T15:19:24","guid":{"rendered":"https:\/\/n20.nestec.de\/?page_id=68"},"modified":"2024-10-21T15:34:58","modified_gmt":"2024-10-21T13:34:58","slug":"alle-services-im-ueberblick-nestec","status":"publish","type":"page","link":"https:\/\/n20.nestec.de\/?page_id=68","title":{"rendered":"Online-Marketing"},"content":{"rendered":"<p>Share on facebook<br \/>\nFacebook<br \/>\nShare on twitter<br \/>\nTwitter<br \/>\nShare on linkedin<br \/>\nLinkedIn<\/p>\n","protected":false},"excerpt":{"rendered":"<p>Share on facebook Facebook Share on twitter Twitter Share on linkedin LinkedIn<\/p>\n","protected":false},"author":1,"featured_media":0,"parent":0,"menu_order":0,"comment_status":"closed","ping_status":"closed","template":"","meta":{"footnotes":""},"class_list":["post-68","page","type-page","status-publish","hentry"],"yoast_head":"<!-- This site is optimized with the Yoast SEO plugin v23.7 - https:\/\/yoast.com\/wordpress\/plugins\/seo\/ -->\n<title>Online-Marketing - Internetagentur, Webentwicklung, Online-Marketing, E-Commerce<\/title>\n<meta name=\"description\" content=\"Entdecken Sie unsere ma\u00dfgeschneiderten Dienstleistungen \u2013 von Social Media \u00fcber Content Marketing bis hin zu Webdesign und SEO. Wir bieten Ihnen alles, was Sie f\u00fcr eine erfolgreiche digitale Strategie ben\u00f6tigen, um Ihr Unternehmen nachhaltig zu st\u00e4rken.\" \/>\n<meta name=\"robots\" content=\"index, follow, max-snippet:-1, max-image-preview:large, max-video-preview:-1\" \/>\n<link rel=\"canonical\" href=\"https:\/\/n20.nestec.de\/?page_id=68\" \/>\n<meta property=\"og:locale\" content=\"de_DE\" \/>\n<meta property=\"og:type\" content=\"article\" \/>\n<meta property=\"og:title\" content=\"Online-Marketing - Internetagentur, Webentwicklung, Online-Marketing, E-Commerce\" \/>\n<meta property=\"og:description\" content=\"Entdecken Sie unsere ma\u00dfgeschneiderten Dienstleistungen \u2013 von Social Media \u00fcber Content Marketing bis hin zu Webdesign und SEO. Wir bieten Ihnen alles, was Sie f\u00fcr eine erfolgreiche digitale Strategie ben\u00f6tigen, um Ihr Unternehmen nachhaltig zu st\u00e4rken.\" \/>\n<meta property=\"og:url\" content=\"https:\/\/n20.nestec.de\/?page_id=68\" \/>\n<meta property=\"og:site_name\" content=\"Internetagentur, Webentwicklung, Online-Marketing, E-Commerce\" \/>\n<meta property=\"article:modified_time\" content=\"2024-10-21T13:34:58+00:00\" \/>\n<meta name=\"twitter:card\" content=\"summary_large_image\" \/>\n<meta name=\"twitter:label1\" content=\"Gesch\u00e4tzte Lesezeit\" \/>\n\t<meta name=\"twitter:data1\" content=\"1\u00a0Minute\" \/>\n<script type=\"application\/ld+json\" class=\"yoast-schema-graph\">{\"@context\":\"https:\/\/schema.org\",\"@graph\":[{\"@type\":\"WebPage\",\"@id\":\"https:\/\/n20.nestec.de\/?page_id=68\",\"url\":\"https:\/\/n20.nestec.de\/?page_id=68\",\"name\":\"Online-Marketing - Internetagentur, Webentwicklung, Online-Marketing, E-Commerce\",\"isPartOf\":{\"@id\":\"https:\/\/n20.nestec.de\/#website\"},\"datePublished\":\"2020-11-03T15:19:24+00:00\",\"dateModified\":\"2024-10-21T13:34:58+00:00\",\"description\":\"Entdecken Sie unsere ma\u00dfgeschneiderten Dienstleistungen \u2013 von Social Media \u00fcber Content Marketing bis hin zu Webdesign und SEO. Wir bieten Ihnen alles, was Sie f\u00fcr eine erfolgreiche digitale Strategie ben\u00f6tigen, um Ihr Unternehmen nachhaltig zu st\u00e4rken.\",\"breadcrumb\":{\"@id\":\"https:\/\/n20.nestec.de\/?page_id=68#breadcrumb\"},\"inLanguage\":\"de\",\"potentialAction\":[{\"@type\":\"ReadAction\",\"target\":[\"https:\/\/n20.nestec.de\/?page_id=68\"]}]},{\"@type\":\"BreadcrumbList\",\"@id\":\"https:\/\/n20.nestec.de\/?page_id=68#breadcrumb\",\"itemListElement\":[{\"@type\":\"ListItem\",\"position\":1,\"name\":\"Startseite\",\"item\":\"https:\/\/n20.nestec.de\/\"},{\"@type\":\"ListItem\",\"position\":2,\"name\":\"Online-Marketing\"}]},{\"@type\":\"WebSite\",\"@id\":\"https:\/\/n20.nestec.de\/#website\",\"url\":\"https:\/\/n20.nestec.de\/\",\"name\":\"Internetagentur, Webentwicklung, Online-Marketing, E-Commerce\",\"description\":\"\",\"publisher\":{\"@id\":\"https:\/\/n20.nestec.de\/#organization\"},\"potentialAction\":[{\"@type\":\"SearchAction\",\"target\":{\"@type\":\"EntryPoint\",\"urlTemplate\":\"https:\/\/n20.nestec.de\/?s={search_term_string}\"},\"query-input\":{\"@type\":\"PropertyValueSpecification\",\"valueRequired\":true,\"valueName\":\"search_term_string\"}}],\"inLanguage\":\"de\"},{\"@type\":\"Organization\",\"@id\":\"https:\/\/n20.nestec.de\/#organization\",\"name\":\"Internetagentur, Webentwicklung, Online-Marketing, E-Commerce\",\"url\":\"https:\/\/n20.nestec.de\/\",\"logo\":{\"@type\":\"ImageObject\",\"inLanguage\":\"de\",\"@id\":\"https:\/\/n20.nestec.de\/#\/schema\/logo\/image\/\",\"url\":\"https:\/\/n20.nestec.de\/wp-content\/uploads\/2020\/11\/cropped-Logo-Internetagentur-Nestec-n-1.png\",\"contentUrl\":\"https:\/\/n20.nestec.de\/wp-content\/uploads\/2020\/11\/cropped-Logo-Internetagentur-Nestec-n-1.png\",\"width\":1134,\"height\":850,\"caption\":\"Internetagentur, Webentwicklung, Online-Marketing, E-Commerce\"},\"image\":{\"@id\":\"https:\/\/n20.nestec.de\/#\/schema\/logo\/image\/\"}}]}<\/script>\n<!-- \/ Yoast SEO plugin. -->","yoast_head_json":{"title":"Online-Marketing - Internetagentur, Webentwicklung, Online-Marketing, E-Commerce","description":"Entdecken Sie unsere ma\u00dfgeschneiderten Dienstleistungen \u2013 von Social Media \u00fcber Content Marketing bis hin zu Webdesign und SEO. Wir bieten Ihnen alles, was Sie f\u00fcr eine erfolgreiche digitale Strategie ben\u00f6tigen, um Ihr Unternehmen nachhaltig zu st\u00e4rken.","robots":{"index":"index","follow":"follow","max-snippet":"max-snippet:-1","max-image-preview":"max-image-preview:large","max-video-preview":"max-video-preview:-1"},"canonical":"https:\/\/n20.nestec.de\/?page_id=68","og_locale":"de_DE","og_type":"article","og_title":"Online-Marketing - Internetagentur, Webentwicklung, Online-Marketing, E-Commerce","og_description":"Entdecken Sie unsere ma\u00dfgeschneiderten Dienstleistungen \u2013 von Social Media \u00fcber Content Marketing bis hin zu Webdesign und SEO. Wir bieten Ihnen alles, was Sie f\u00fcr eine erfolgreiche digitale Strategie ben\u00f6tigen, um Ihr Unternehmen nachhaltig zu st\u00e4rken.","og_url":"https:\/\/n20.nestec.de\/?page_id=68","og_site_name":"Internetagentur, Webentwicklung, Online-Marketing, E-Commerce","article_modified_time":"2024-10-21T13:34:58+00:00","twitter_card":"summary_large_image","twitter_misc":{"Gesch\u00e4tzte Lesezeit":"1\u00a0Minute"},"schema":{"@context":"https:\/\/schema.org","@graph":[{"@type":"WebPage","@id":"https:\/\/n20.nestec.de\/?page_id=68","url":"https:\/\/n20.nestec.de\/?page_id=68","name":"Online-Marketing - Internetagentur, Webentwicklung, Online-Marketing, E-Commerce","isPartOf":{"@id":"https:\/\/n20.nestec.de\/#website"},"datePublished":"2020-11-03T15:19:24+00:00","dateModified":"2024-10-21T13:34:58+00:00","description":"Entdecken Sie unsere ma\u00dfgeschneiderten Dienstleistungen \u2013 von Social Media \u00fcber Content Marketing bis hin zu Webdesign und SEO. Wir bieten Ihnen alles, was Sie f\u00fcr eine erfolgreiche digitale Strategie ben\u00f6tigen, um Ihr Unternehmen nachhaltig zu st\u00e4rken.","breadcrumb":{"@id":"https:\/\/n20.nestec.de\/?page_id=68#breadcrumb"},"inLanguage":"de","potentialAction":[{"@type":"ReadAction","target":["https:\/\/n20.nestec.de\/?page_id=68"]}]},{"@type":"BreadcrumbList","@id":"https:\/\/n20.nestec.de\/?page_id=68#breadcrumb","itemListElement":[{"@type":"ListItem","position":1,"name":"Startseite","item":"https:\/\/n20.nestec.de\/"},{"@type":"ListItem","position":2,"name":"Online-Marketing"}]},{"@type":"WebSite","@id":"https:\/\/n20.nestec.de\/#website","url":"https:\/\/n20.nestec.de\/","name":"Internetagentur, Webentwicklung, Online-Marketing, E-Commerce","description":"","publisher":{"@id":"https:\/\/n20.nestec.de\/#organization"},"potentialAction":[{"@type":"SearchAction","target":{"@type":"EntryPoint","urlTemplate":"https:\/\/n20.nestec.de\/?s={search_term_string}"},"query-input":{"@type":"PropertyValueSpecification","valueRequired":true,"valueName":"search_term_string"}}],"inLanguage":"de"},{"@type":"Organization","@id":"https:\/\/n20.nestec.de\/#organization","name":"Internetagentur, Webentwicklung, Online-Marketing, E-Commerce","url":"https:\/\/n20.nestec.de\/","logo":{"@type":"ImageObject","inLanguage":"de","@id":"https:\/\/n20.nestec.de\/#\/schema\/logo\/image\/","url":"https:\/\/n20.nestec.de\/wp-content\/uploads\/2020\/11\/cropped-Logo-Internetagentur-Nestec-n-1.png","contentUrl":"https:\/\/n20.nestec.de\/wp-content\/uploads\/2020\/11\/cropped-Logo-Internetagentur-Nestec-n-1.png","width":1134,"height":850,"caption":"Internetagentur, Webentwicklung, Online-Marketing, E-Commerce"},"image":{"@id":"https:\/\/n20.nestec.de\/#\/schema\/logo\/image\/"}}]}},"_links":{"self":[{"href":"https:\/\/n20.nestec.de\/index.php?rest_route=\/wp\/v2\/pages\/68"}],"collection":[{"href":"https:\/\/n20.nestec.de\/index.php?rest_route=\/wp\/v2\/pages"}],"about":[{"href":"https:\/\/n20.nestec.de\/index.php?rest_route=\/wp\/v2\/types\/page"}],"author":[{"embeddable":true,"href":"https:\/\/n20.nestec.de\/index.php?rest_route=\/wp\/v2\/users\/1"}],"replies":[{"embeddable":true,"href":"https:\/\/n20.nestec.de\/index.php?rest_route=%2Fwp%2Fv2%2Fcomments&post=68"}],"version-history":[{"count":7,"href":"https:\/\/n20.nestec.de\/index.php?rest_route=\/wp\/v2\/pages\/68\/revisions"}],"predecessor-version":[{"id":179,"href":"https:\/\/n20.nestec.de\/index.php?rest_route=\/wp\/v2\/pages\/68\/revisions\/179"}],"wp:attachment":[{"href":"https:\/\/n20.nestec.de\/index.php?rest_route=%2Fwp%2Fv2%2Fmedia&parent=68"}],"curies":[{"name":"wp","href":"https:\/\/api.w.org\/{rel}","templated":true}]}}